{"id":37,"date":"2024-02-27T03:37:15","date_gmt":"2024-02-27T03:37:15","guid":{"rendered":"http:\/\/source.wpopal.com\/konsulix\/?page_id=37"},"modified":"2024-02-27T03:37:15","modified_gmt":"2024-02-27T03:37:15","slug":"services-3","status":"publish","type":"page","link":"https:\/\/tuactivodigital.com\/?page_id=37","title":{"rendered":"Services 3"},"content":{"rendered":"\t\t<div data-elementor-type=\"wp-page\" data-elementor-id=\"37\" class=\"elementor elementor-37\">\n\t\t\t\t<div class=\"elementor-element elementor-element-aea1cad e-flex e-con-boxed e-con e-parent\" data-id=\"aea1cad\" data-element_type=\"container\">\n\t\t\t\t\t<div class=\"e-con-inner\">\n\t\t<div class=\"elementor-element elementor-element-6449708 e-con-full e-flex e-con e-child\" data-id=\"6449708\" data-element_type=\"container\">\n\t\t<div class=\"elementor-element elementor-element-7daae56 e-flex e-con-boxed e-con e-child\" data-id=\"7daae56\" data-element_type=\"container\">\n\t\t\t\t\t<div class=\"e-con-inner\">\n\t\t\t\t<div class=\"elementor-element elementor-element-17324c1 heading-spilit-title-effect-yes elementor-widget elementor-widget-heading\" data-id=\"17324c1\" data-element_type=\"widget\" data-widget_type=\"heading.default\">\n\t\t\t\t<div class=\"elementor-widget-container\">\n\t\t\t\t\t<h2 class=\"elementor-heading-title elementor-size-default\">Our <span style=\"color: var(--e-global-color-lighter)\">services<\/span><\/h2>\t\t\t\t<\/div>\n\t\t\t\t<\/div>\n\t\t\t\t<div class=\"elementor-element elementor-element-4752345 elementor-widget__width-auto elementor-widget-divider--view-line elementor-invisible elementor-widget elementor-widget-divider\" data-id=\"4752345\" data-element_type=\"widget\" data-settings=\"{&quot;_animation&quot;:&quot;fadeInRight&quot;,&quot;_animation_delay&quot;:300}\" data-widget_type=\"divider.default\">\n\t\t\t\t<div class=\"elementor-widget-container\">\n\t\t\t\t\t\t\t<div class=\"elementor-divider\">\n\t\t\t<span class=\"elementor-divider-separator\">\n\t\t\t\t\t\t<\/span>\n\t\t<\/div>\n\t\t\t\t\t\t<\/div>\n\t\t\t\t<\/div>\n\t\t\t\t\t<\/div>\n\t\t\t\t<\/div>\n\t\t<div class=\"elementor-element elementor-element-66e4b26 e-con-full e-flex e-con e-child\" data-id=\"66e4b26\" data-element_type=\"container\">\n\t\t\t\t<div class=\"elementor-element elementor-element-c570f7c elementor-grid-3 elementor-service-style-6 elementor-grid-tablet-2 elementor-grid-mobile-1 elementor-pagination-style-1 elementor-invisible elementor-widget elementor-widget-konsulix-service\" data-id=\"c570f7c\" data-element_type=\"widget\" data-settings=\"{&quot;column&quot;:&quot;3&quot;,&quot;column_tablet&quot;:&quot;2&quot;,&quot;column_mobile&quot;:&quot;1&quot;,&quot;_animation&quot;:&quot;opal-move-up&quot;,&quot;column_spacing&quot;:{&quot;unit&quot;:&quot;px&quot;,&quot;size&quot;:30,&quot;sizes&quot;:[]}}\" data-widget_type=\"konsulix-service.default\">\n\t\t\t\t<div class=\"elementor-widget-container\">\n\t\t\t\t\t<div class=\"konsulix-service columns-3  elementor-service elementor-service-style6\">\n<div class=\"konsulix-con\">\n    <ul class=\"konsulix-service elementor-grid\">\n\n<li class=\"service service-style-6\">\n    <div class=\"service-block\">\n                    <div class=\"service-transition\">\n                <figure class=\"service-image\">\n                    <a href=\"https:\/\/tuactivodigital.com\/?service=consultoria-estrategica-de-digitalizacion\" title=\"Consultor\u00eda Estrat\u00e9gica de Digitalizaci\u00f3n\">\n                        <img decoding=\"async\" src=\"https:\/\/tuactivodigital.com\/wp-content\/uploads\/2026\/03\/Captura-de-pantalla-2026-03-11-225046.png\" class=\"service_thumbnail\" alt=\"Consultor\u00eda Estrat\u00e9gica de Digitalizaci\u00f3n\">\n                    <\/a>\n                <\/figure>\n            <\/div>\n                    \n        <div class=\"service-caption\">\n                            <div class=\"service-index-small\">01<\/div>\n                                <h3 class=\"service-loop-title\">\n                    <a href=\"https:\/\/tuactivodigital.com\/?service=consultoria-estrategica-de-digitalizacion\">Consultor\u00eda Estrat\u00e9gica de Digitalizaci\u00f3n<\/a>\n                <\/h3>\n                                <div class=\"service-loop-excerpt\"><p>Dise\u00f1amos la estrategia para convertir tu negocio en un ecosistema digital.<\/p>\n<\/div>\n                                <div class=\"more-link-wrap\">\n                    <a class=\"more-link\" href=\"https:\/\/tuactivodigital.com\/?service=consultoria-estrategica-de-digitalizacion\" title=\"Consultor\u00eda Estrat\u00e9gica de Digitalizaci\u00f3n\">\n                        <span>View details<\/span>\n                    <\/a>\n                <\/div>\n                        <\/div>\n                    <div class=\"service-index\">01<\/div>\n                <\/div>\n<\/li>\n<li class=\"service service-style-6\">\n    <div class=\"service-block\">\n                    <div class=\"service-transition\">\n                <figure class=\"service-image\">\n                    <a href=\"https:\/\/tuactivodigital.com\/?service=cursos-recursos-digitales\" title=\"Cursos y Recursos Digitales\">\n                        <img decoding=\"async\" src=\"https:\/\/tuactivodigital.com\/wp-content\/uploads\/2024\/03\/Captura-de-pantalla-2026-03-13-132151-1024x678.png\" class=\"service_thumbnail\" alt=\"Cursos y Recursos Digitales\">\n                    <\/a>\n                <\/figure>\n            <\/div>\n                    \n        <div class=\"service-caption\">\n                            <div class=\"service-index-small\">02<\/div>\n                                <h3 class=\"service-loop-title\">\n                    <a href=\"https:\/\/tuactivodigital.com\/?service=cursos-recursos-digitales\">Cursos y Recursos Digitales<\/a>\n                <\/h3>\n                                <div class=\"service-loop-excerpt\"><p>Formaci\u00f3n pr\u00e1ctica y plantillas listas para implementar.<\/p>\n<\/div>\n                                <div class=\"more-link-wrap\">\n                    <a class=\"more-link\" href=\"https:\/\/tuactivodigital.com\/?service=cursos-recursos-digitales\" title=\"Cursos y Recursos Digitales\">\n                        <span>View details<\/span>\n                    <\/a>\n                <\/div>\n                        <\/div>\n                    <div class=\"service-index\">02<\/div>\n                <\/div>\n<\/li>\n<li class=\"service service-style-6\">\n    <div class=\"service-block\">\n                    <div class=\"service-transition\">\n                <figure class=\"service-image\">\n                    <a href=\"https:\/\/tuactivodigital.com\/?service=advanced-analystics\" title=\"Advanced Analystics\">\n                        <img decoding=\"async\" src=\"https:\/\/tuactivodigital.com\/wp-content\/uploads\/2024\/02\/service-04.jpg\" class=\"service_thumbnail\" alt=\"Advanced Analystics\">\n                    <\/a>\n                <\/figure>\n            <\/div>\n                    \n        <div class=\"service-caption\">\n                            <div class=\"service-index-small\">03<\/div>\n                                <h3 class=\"service-loop-title\">\n                    <a href=\"https:\/\/tuactivodigital.com\/?service=advanced-analystics\">Advanced Analystics<\/a>\n                <\/h3>\n                                <div class=\"service-loop-excerpt\"><p>From seed funding to growth-stage investments, we offer tailored solutions that address the unique needs.<\/p>\n<\/div>\n                                <div class=\"more-link-wrap\">\n                    <a class=\"more-link\" href=\"https:\/\/tuactivodigital.com\/?service=advanced-analystics\" title=\"Advanced Analystics\">\n                        <span>View details<\/span>\n                    <\/a>\n                <\/div>\n                        <\/div>\n                    <div class=\"service-index\">03<\/div>\n                <\/div>\n<\/li>\n<li class=\"service service-style-6\">\n    <div class=\"service-block\">\n                    <div class=\"service-transition\">\n                <figure class=\"service-image\">\n                    <a href=\"https:\/\/tuactivodigital.com\/?service=customer-strategy-marketing\" title=\"Customer Strategy &#038; Marketing\">\n                        <img decoding=\"async\" src=\"https:\/\/tuactivodigital.com\/wp-content\/uploads\/2024\/02\/service-02.jpg\" class=\"service_thumbnail\" alt=\"Customer Strategy &#038; Marketing\">\n                    <\/a>\n                <\/figure>\n            <\/div>\n                    \n        <div class=\"service-caption\">\n                            <div class=\"service-index-small\">04<\/div>\n                                <h3 class=\"service-loop-title\">\n                    <a href=\"https:\/\/tuactivodigital.com\/?service=customer-strategy-marketing\">Customer Strategy &#038; Marketing<\/a>\n                <\/h3>\n                                <div class=\"service-loop-excerpt\"><p>From seed funding to growth-stage investments, we offer tailored solutions that address the unique needs.<\/p>\n<\/div>\n                                <div class=\"more-link-wrap\">\n                    <a class=\"more-link\" href=\"https:\/\/tuactivodigital.com\/?service=customer-strategy-marketing\" title=\"Customer Strategy &#038; Marketing\">\n                        <span>View details<\/span>\n                    <\/a>\n                <\/div>\n                        <\/div>\n                    <div class=\"service-index\">04<\/div>\n                <\/div>\n<\/li>\n<li class=\"service service-style-6\">\n    <div class=\"service-block\">\n                    <div class=\"service-transition\">\n                <figure class=\"service-image\">\n                    <a href=\"https:\/\/tuactivodigital.com\/?service=implementacion-ia\" title=\"Implementaci\u00f3n de IA para Negocios\">\n                        <img decoding=\"async\" src=\"https:\/\/tuactivodigital.com\/wp-content\/uploads\/2024\/03\/Captura-de-pantalla-2026-03-13-131531.png\" class=\"service_thumbnail\" alt=\"Implementaci\u00f3n de IA para Negocios\">\n                    <\/a>\n                <\/figure>\n            <\/div>\n                    \n        <div class=\"service-caption\">\n                            <div class=\"service-index-small\">05<\/div>\n                                <h3 class=\"service-loop-title\">\n                    <a href=\"https:\/\/tuactivodigital.com\/?service=implementacion-ia\">Implementaci\u00f3n de IA para Negocios<\/a>\n                <\/h3>\n                                <div class=\"service-loop-excerpt\"><p>Automatizamos procesos de ventas, marketing y gesti\u00f3n.<\/p>\n<\/div>\n                                <div class=\"more-link-wrap\">\n                    <a class=\"more-link\" href=\"https:\/\/tuactivodigital.com\/?service=implementacion-ia\" title=\"Implementaci\u00f3n de IA para Negocios\">\n                        <span>View details<\/span>\n                    <\/a>\n                <\/div>\n                        <\/div>\n                    <div class=\"service-index\">05<\/div>\n                <\/div>\n<\/li>\n<li class=\"service service-style-6\">\n    <div class=\"service-block\">\n                    <div class=\"service-transition\">\n                <figure class=\"service-image\">\n                    <a href=\"https:\/\/tuactivodigital.com\/?service=consultoria-estrategica-digitalizacion\" title=\"Consultor\u00eda Estrat\u00e9gica de Digitalizaci\u00f3n\">\n                        <img decoding=\"async\" src=\"https:\/\/tuactivodigital.com\/wp-content\/uploads\/2024\/02\/Captura-de-pantalla-2026-03-11-225046.png\" class=\"service_thumbnail\" alt=\"Consultor\u00eda Estrat\u00e9gica de Digitalizaci\u00f3n\">\n                    <\/a>\n                <\/figure>\n            <\/div>\n                    \n        <div class=\"service-caption\">\n                            <div class=\"service-index-small\">06<\/div>\n                                <h3 class=\"service-loop-title\">\n                    <a href=\"https:\/\/tuactivodigital.com\/?service=consultoria-estrategica-digitalizacion\">Consultor\u00eda Estrat\u00e9gica de Digitalizaci\u00f3n<\/a>\n                <\/h3>\n                                <div class=\"service-loop-excerpt\"><p>Dise\u00f1amos la estrategia para convertir tu negocio en un ecosistema digital.<\/p>\n<\/div>\n                                <div class=\"more-link-wrap\">\n                    <a class=\"more-link\" href=\"https:\/\/tuactivodigital.com\/?service=consultoria-estrategica-digitalizacion\" title=\"Consultor\u00eda Estrat\u00e9gica de Digitalizaci\u00f3n\">\n                        <span>View details<\/span>\n                    <\/a>\n                <\/div>\n                        <\/div>\n                    <div class=\"service-index\">06<\/div>\n                <\/div>\n<\/li>\n    <\/ul>\n<\/div><\/div>\t\t\t\t<\/div>\n\t\t\t\t<\/div>\n\t\t\t\t<\/div>\n\t\t\t\t<\/div>\n\t\t\t\t\t<\/div>\n\t\t\t\t<\/div>\n\t\t\t\t<\/div>\n\t\t","protected":false},"excerpt":{"rendered":"","protected":false},"author":1,"featured_media":0,"parent":0,"menu_order":0,"comment_status":"closed","ping_status":"closed","template":"","meta":{"inline_featured_image":false,"footnotes":""},"class_list":["post-37","page","type-page","status-publish","hentry"],"_links":{"self":[{"href":"https:\/\/tuactivodigital.com\/index.php?rest_route=\/wp\/v2\/pages\/37","targetHints":{"allow":["GET"]}}],"collection":[{"href":"https:\/\/tuactivodigital.com\/index.php?rest_route=\/wp\/v2\/pages"}],"about":[{"href":"https:\/\/tuactivodigital.com\/index.php?rest_route=\/wp\/v2\/types\/page"}],"author":[{"embeddable":true,"href":"https:\/\/tuactivodigital.com\/index.php?rest_route=\/wp\/v2\/users\/1"}],"replies":[{"embeddable":true,"href":"https:\/\/tuactivodigital.com\/index.php?rest_route=%2Fwp%2Fv2%2Fcomments&post=37"}],"version-history":[{"count":0,"href":"https:\/\/tuactivodigital.com\/index.php?rest_route=\/wp\/v2\/pages\/37\/revisions"}],"wp:attachment":[{"href":"https:\/\/tuactivodigital.com\/index.php?rest_route=%2Fwp%2Fv2%2Fmedia&parent=37"}],"curies":[{"name":"wp","href":"https:\/\/api.w.org\/{rel}","templated":true}]}}